{"id":43,"date":"2016-02-23T11:41:58","date_gmt":"2016-02-23T11:41:58","guid":{"rendered":"http:\/\/bomdia365.wordpress.com\/?page_id=1"},"modified":"2024-05-29T16:46:37","modified_gmt":"2024-05-29T19:46:37","slug":"sobre-nos","status":"publish","type":"page","link":"https:\/\/bomdia365.com.br\/sobre-nos\/","title":{"rendered":"Sobre N\u00f3s"},"content":{"rendered":"<p>\u00c9 incr\u00edvel como uma palavra de incentivo, um elogio ou uma hist\u00f3ria inspiradora pode mudar completamente o seu dia.<\/p>\n<p>Uma frase pode lembrar os seus sonhos, inspirar os seus passos, despertar novas perspectivas.<\/p>\n<p>O BomDia365.com.br foi criado para espalhar inspira\u00e7\u00e3o para voc\u00ea ser mais Feliz!<\/p>\n","protected":false},"excerpt":{"rendered":"<p>\u00c9 incr\u00edvel como uma palavra de incentivo, um elogio ou uma hist\u00f3ria inspiradora pode mudar completamente o seu dia. Uma frase pode lembrar os seus sonhos, inspirar os seus passos, despertar novas perspectivas. O BomDia365.com.br foi criado para espalhar inspira\u00e7\u00e3o para voc\u00ea ser mais Feliz!<\/p>\n","protected":false},"author":1,"featured_media":806,"parent":0,"menu_order":0,"comment_status":"open","ping_status":"open","template":"","meta":{"footnotes":""},"class_list":["post-43","page","type-page","status-publish","has-post-thumbnail"],"aioseo_notices":[],"amp_enabled":true,"_links":{"self":[{"href":"https:\/\/bomdia365.com.br\/wp-json\/wp\/v2\/pages\/43","targetHints":{"allow":["GET"]}}],"collection":[{"href":"https:\/\/bomdia365.com.br\/wp-json\/wp\/v2\/pages"}],"about":[{"href":"https:\/\/bomdia365.com.br\/wp-json\/wp\/v2\/types\/page"}],"author":[{"embeddable":true,"href":"https:\/\/bomdia365.com.br\/wp-json\/wp\/v2\/users\/1"}],"replies":[{"embeddable":true,"href":"https:\/\/bomdia365.com.br\/wp-json\/wp\/v2\/comments?post=43"}],"version-history":[{"count":0,"href":"https:\/\/bomdia365.com.br\/wp-json\/wp\/v2\/pages\/43\/revisions"}],"wp:featuredmedia":[{"embeddable":true,"href":"https:\/\/bomdia365.com.br\/wp-json\/wp\/v2\/media\/806"}],"wp:attachment":[{"href":"https:\/\/bomdia365.com.br\/wp-json\/wp\/v2\/media?parent=43"}],"curies":[{"name":"wp","href":"https:\/\/api.w.org\/{rel}","templated":true}]}}